1 - (-8)/(-4). Let v(m) be the second derivative of m**5/20 + 7*m**4/12 + 7*m**3/6 - 7*m**2/2 + 30*m - 1. Calculate v(g).
-13
Let g be 242/14 + 4*(-8)/112. Let c(w) = -1 - g*w + 30*w + 2 - 14*w. Calculate c(-4).
5
Suppose 567*h - 306 = 533*h. Let r(v) = 2*v - 1. What is r(h)?
17
Let u(z) be the third derivative of -z**5/60 + z**4/8 + z**3 + 4197*z**2 + 1. Suppose 4*d - 15 = 5. Calculate u(d).
-4
Let k = 1636 + -1643. Let m(o) = o**3 + 9*o**2 + 14*o - 7. What is m(k)?
-7
Let g(w) = 4*w**2 - w + 1. Let y = 5919 - 5914. Let v(j) = j - 2 + 2*j**2 - 5*j**2 + 1. Let k(x) = y*v(x) + 4*g(x). Give k(2).
5
Let q be (-19)/(-7) - 44/(-154). Let w(f) = -4*f**3 + 20*f**q - 3*f**2 + 2*f**2 + 9*f**3. What is w(-1)?
-26
Let q = -8 + 13. Let s(l) = -2*l**2 - 13*l + 8. Let u(x) = x**2 + 7*x - 4. Let z(o) = q*u(o) + 3*s(o). Let c be 1505/(-245) - (-4)/28. Give z(c).
-8
Let v(j) be the third derivative of -j**5/60 - j**4/24 + 4*j**3/3 + 360*j**2. Let k(s) = s**3 - 8*s**2 - 2*s + 9. Let f be k(8). What is v(f)?
-34
Let l = 4 + -10. Let a(v) be the second derivative of 0 - 1/6*v**3 + 9*v - 7/2*v**2. Determine a(l).
-1
Let z = 12413 + -12430. Let u(a) = -a**3 - 19*a**2 - 28*a + 7. Calculate u(z).
-95
Let t(u) = u - 6. Let x = -5 + 9. Let p be t(x). Let v(c) = 3*c - 1. Let y(k) = -k + 1. Let d(g) = p*y(g) - v(g). Determine d(1).
-2
Let h(d) = -895*d + 106. Let k(z) = -2533*z + 318. Let m(v) = -17*h(v) + 6*k(v). Calculate m(-6).
4
Let n(f) = 62 - 121 + 8*f + 5*f + 0*f. Let l be n(5). Let a(v) = -v**3 + 8*v**2 - 15*v + 5. Give a(l).
-13
Let x(f) be the second derivative of -2*f**2 - 6 - 8*f + 1/6*f**4 - 1/3*f**3. Give x(3).
8
Let l(k) = -k**3 + 4*k**2 - 3*k. Suppose 213 = 5*x + 198. Suppose 9 = 3*w + x. Determine l(w).
2
Suppose 13*n - 18*n - 28 = -4*i, -4*i + 2*n = -16. Let h(z) be the first derivative of 14 + 1/4*z**4 - 4/3*z**3 + 2*z**i + z. Determine h(3).
4
Suppose -2*w - 6 = w + 2*y, -3*w - 3*y = 9. Suppose -k + w*k = -3*v + 7, -3*k + v + 11 = 0. Let t(j) = -2*j + 9. What is t(k)?
-1
Let d(t) = -14*t**3 - t**2. Let k(h) = -3*h - 42. Let a be k(-15). Suppose -4*b = -27 + 7, 4*n + a*b - 11 = 0. Give d(n).
13
Let p be 140/32 - (255/40 + -6). Suppose -o + r - 2 = -7, 0 = 5*o + p*r + 11. Let s(y) = -34*y + 1. What is s(o)?
-33
Let j(x) = -x + 13. Let s(a) = a**2 + 4*a + 12. Let b be s(6). Let i = b - 68. Let m be (-5 - i/(-1))*0. Give j(m).
13
Let m(r) be the first derivative of -37*r**2/2 - 317*r + 5058. Determine m(-9).
16
Let d(q) = -243*q + 25. Let k(f) = -41*f. Let i(o) = d(o) - 6*k(o). Determine i(-9).
-2
Let n(a) = a**3 - 4*a**2 - 9*a + 20. Let j be n(5). Let b(o) be the second derivative of 1/6*o**3 + 14*o - 1/20*o**5 + 0*o**4 + 0 + 4*o**2. Calculate b(j).
8
Let d(n) = 56 - 10*n - 95 + 185. Calculate d(14).
6
Let f(v) = 9*v - 1. Let a(w) = 2*w**2 + 90*w + 97. Let c be a(-44). Let k = 38 + -66. Let n be c*(k/(-9) + -3). Calculate f(n).
8
Suppose -35*q + 62*q + 16 = 23*q. Let t(n) = n - 14. Give t(q).
-18
Let k(t) = 4*t - 36. Let u(x) = -x**3 + 21*x**2 - 116*x + 57. Let o be u(9). Determine k(o).
-96
Let b(k) = k**2 + 3*k - 9. Let v be b(-5). Suppose 0 = 3*l + 2*h - 0*h - v, -2*l = 5*h + 14. Let d(q) = q**2 - 4*q - 3. Give d(l).
-6
Let k(q) = -q - 4. Suppose 5*h = c + 5, 3*c - h - 3 = -4*h. Let z(t) = t**3 + 2*t**2 - 7. Let v be z(c). Determine k(v).
3
Let i(b) = -5*b**2 + 11*b + 4. Suppose 28*f - 2*f - 15*f = 33. What is i(f)?
-8
Let x(g) be the third derivative of g**4/24 - 7*g**3/3 + g**2 - 7*g. Let l be x(19). Let o(s) = -s + 4. Determine o(l).
-1
Let c(j) be the third derivative of 2*j**2 + 0*j - 1/24*j**4 + 42 - 1/2*j**3. Determine c(-9).
6
Let l(a) = -2*a**3 + a**2 - 3*a + 2. Let b be (-2)/((-2)/3) - (244 - 24). Let o = -215 - b. Give l(o).
-16
Let d(u) = u**3 + 4*u**2 - u - 3. Let r(b) = -b + 2. Let x be r(2). Let f(c) = 36*c**2 - c - 3 - 82*c**2 + 42*c**2. Let v be f(x). Determine d(v).
9
Let r(w) = 9 + 31641*w - 15822*w - 15823*w. Give r(10).
-31
Let u(g) be the second derivative of 0*g**3 - 15*g - 13/720*g**6 + 0*g**2 + 0 - 25/12*g**4 - 1/120*g**5. Let s(n) be the third derivative of u(n). Give s(-1).
12
Let t be -8 + 5 + -3 + -1. Let r(s) be the first derivative of -4 + 7/3*s**3 - 3*s + 0*s**2 + 1/4*s**4. What is r(t)?
-3
Let j be 75/7 + 18/63. Let n(l) be the second derivative of -l**4/12 + 5*l**3/3 + 2*l**2 - 345*l. Determine n(j).
-7
Let u(z) be the third derivative of 45*z**2 - 1/6*z**4 + 0*z + 0 - 2/3*z**3 + 1/120*z**6 + 1/20*z**5. Determine u(-3).
8
Let x be ((-6)/(-12))/((-1)/(-2) + -1). Suppose -3*z = -11*z + 80. Let r(m) = 32*m**3 - z*m**3 + 2 - 3 + 2*m - 3*m. Give r(x).
-22
Let x(l) be the first derivative of l**3/3 - 11*l**2/2 - l - 1. Suppose 3*r - 4*u - 62 = 0, -2*u = -296*r + 298*r - 4. What is x(r)?
-11
Suppose 0 = -63*a - 5*a + 3*a - 2210. Let u(t) = 12*t + 408. Determine u(a).
0
Let t(n) = 7*n + 12. Let p(g) be the first derivative of -g**2 - g + 29. Let z(h) = -2*p(h) - t(h). What is z(-7)?
11
Let z be 80/30 + 159/(-60). Let v(c) be the third derivative of z*c**5 + 1/24*c**4 - 1/6*c**3 + 0 + 0*c - 17*c**2. What is v(0)?
-1
Let f = -10 + 42. Suppose -4*m + 12 - f = 0. Let t(l) = -13*l - 4. Let n(y) = -7*y - 2. Let j(a) = 11*n(a) - 6*t(a). Calculate j(m).
-3
Let s(z) = 2*z + 0*z + 1 - 6*z - 8 + 9*z + z**2. Let n(p) = -2*p + 2. Let o be ((-8)/(-3))/(4/6). Let d be n(o). Determine s(d).
-1
Let u(m) = 64*m - 4 + 63*m - 126*m. Let a(s) = 4. Let w(p) = -5*a(p) - 6*u(p). Give w(3).
-14
Let w be 40/(-80) - 2/(-4). Let t(z) = 7*z**3 + 5*z - 7. Let o(h) = 11*h**3 + 8*h - 11. Let g(k) = -5*o(k) + 8*t(k). Calculate g(w).
-1
Let t(m) = -14 + 4*m - 3*m + 0*m**3 + m**3. Let r = -747 + 757. Suppose -h + 8*h = -r*h. Calculate t(h).
-14
Suppose -3795*v - 5 = -3806*v - 82. Let n(j) = -3*j - 5 - 2 + 1. Calculate n(v).
15
Let o(m) = 27*m - 41993 - 85*m + 42281. What is o(5)?
-2
Let j(c) = -20*c - 34. Let a(m) = -24*m - 37. Let i(z) = -4*a(z) + 5*j(z). Determine i(-9).
14
Let j(w) = -47*w + 7 + 42*w + 2 + 10*w - 4. What is j(4)?
25
Let o = 5500 - 32999/6. Let j(z) be the second derivative of -o*z**3 - 12*z - z**2 + 0. Calculate j(-2).
0
Let n(h) be the third derivative of -h**6/720 + 3*h**5/20 - 17*h**4/24 + 52*h**2. Let i(l) be the second derivative of n(l). What is i(11)?
7
Suppose 349*n = 345*n + 12. Let d(v) = -56*v - 56*v - 3 + 109*v - 4*v**2 + v**n. Determine d(5).
7
Let g(i) = -1 + 16*i + 29*i**2 + 0*i**3 + i**3 + 23*i**2 - 60*i**2. Give g(5).
4
Suppose 95*y + 3*y + 1568 = 0. Let f(q) = -9*q - 50. Calculate f(y).
94
Let k(n) be the first derivative of 5/2*n**2 - 59 + 3*n. Let u = -2 - 0. What is k(u)?
-7
Let t(p) = -23*p + 6 + 3*p + 9*p + 8*p. Let i be (1 + 5)/(12/16). Suppose f = -2*u + i, -5*u + 3*f = -u - 36. Give t(u).
-12
Let u(x) = 71 + 44*x**2 + 2*x**3 - 273*x - 30 + 275*x. Give u(-22).
-3
Let r(h) be the first derivative of h**7/840 - h**5/30 - h**4/24 - 62*h**3/3 + 15. Let i(j) be the third derivative of r(j). Determine i(-3).
-16
Let p(j) = 8*j**2 + j + 1. Suppose -f + 2 = 4, -2 = -2*q - f. Suppose -q - 8 = -2*l. Suppose -3*k - l*v = 28, 5 - 3 = 3*k - v. What is p(k)?
8
Suppose 0 = -418*u + 422*u + 40. Let q(a) = -8 - 7 - a + 15 - 9. Give q(u).
1
Let l = 263 - 271. Let w be (-60)/32 + 1/l. Let k(u) = 2*u**2 + 3*u + 3. Calculate k(w).
5
Let x(k) = -152*k**2 - 144*k + 56. Let o(c) = 16*c**2 + 16*c - 6. Let j(w) = -28*o(w) - 3*x(w). Calculate j(2).
0
Suppose -7*n + 22 = 1. Let g be 10/n - 20/(-30). Let z(a) = 1 + a + a**2 + 3 - g*a - 2*a. Give z(3).
-2
Let c(s) = s**2 + 8*s + 17. Let q be (195/(-25) - 0) + 7/(-35). What is c(q)?
17
Let j(w) = -74*w**3 - 3*w**2 - 14*w + 19. Let t(h) = -73*h**3 - 4*h**2 - 17*h + 24. Let g(a) = -5*j(a) + 4*t(a). Calculate g(-1).
-80
Let h(l) = -l. Let w = -358 + 357. Let f(a) = a**2 - 5. Let b(x) = w*f(x) - 2*h(x). Give b(4).
-3
Let o(i) = -2*i + 4. Let m be (-400)/(-28) - 6/21. Suppose 7*z - m*z - 35 = 0. Give o(z).
14
Let d(b) = -b**2 - 2*b + 3. Let q(s) = -s**3 - 10*s**2 - 18*s - 7. Let i be q(-1). What is d(i)?
-5
Let n(v) = -63775*v + 3*v**2 - 6*v**2 + 63787*v + 4*v**2 - 15. What is n(-12)?
-15
Let l be (9/(-6))/((-6)/8). Suppose -h + 3 = l. Let m(g) = 41*g**2 - 6*g + 12. Let b(n) = 35*n**2 - 5*n + 10. Let j(d) = -6*b(d) + 5*m(d). What is j(h)?
-5
Let q(a) be the second derivative of -8*a**3/3 - 59*a**